 = -17*k - 3 + 0 + 14*k - 1. Determine u(-5).
11
Let v(s) = -5*s + 3. Let x = -15 - -9. Let g(m) = 11*m - 6. Let y(i) = x*g(i) - 13*v(i). Calculate y(-4).
1
Let q(g) = -2*g - 3. Suppose w + 2*m = -2, -w = -2*m - 5 - 5. Determine q(w).
-11
Let p = -43 + 68. Suppose -5*a = p, 23 = 4*r - 5*a - 2. Let t(q) = -q + r + 5 + 0. Give t(3).
2
Let d(m) = -2*m. Let j = 12 + -6. Suppose k = j*k + 5. What is d(k)?
2
Let v(w) = -19*w**2 - 7*w. Let s(t) = 37*t**2 + 13*t. Let m(a) = 6*s(a) + 11*v(a). Calculate m(1).
14
Let v(g) = -g + 5. Suppose 9*k - 36 = 3*k. Determine v(k).
-1
Suppose 0 = -0*y - 2*y. Let f(l) = -3*l**2 + 2*l**3 + 4*l**2 + 3 - 3*l**3. Calculate f(y).
3
Let g(o) be the second derivative of -7*o - 1/20*o**5 + 0 + 3*o**2 - 1/2*o**3 + 1/3*o**4. Determine g(4).
-6
Suppose -9 = 2*n + n. Let b(u) be the first derivative of 3*u**2/2 - 4*u - 6. Let d(a) = -a + 1. Let f(h) = n*b(h) - 12*d(h). What is f(-2)?
-6
Suppose 0 = a + 4*a - 3*b + 5, 3*a - 5*b = -19. Let j be (12/(-10))/(2/(-5)). Let s(z) = -j*z + 9 + z + z - z**a + 1. Calculate s(0).
10
Let f(o) = -3*o + 8*o - 5 - 2 - 6*o. Calculate f(-7).
0
Suppose 4*b - 44 = -2*y, -2*b + 24 = -4*y + 6*y. Suppose b + 0 = 2*d. Suppose -30 = -d*o - 10. Let j(k) = k**2 - 5*k + 5. What is j(o)?
1
Suppose 5*d - 8 = d. Let f be ((-1)/d)/((-1)/4). Let p(s) = -s**f - 3*s**2 + 1 + 2*s**2. Determine p(1).
-1
Let m(p) = -p + 6. Let x = 13 - 17. Let a = x - 2. Determine m(a).
12
Suppose -l - 8 = 3*l. Let t(a) be the third derivative of a**4/6 + 2*a**3/3 + a**2. Let b(r) = 5*r + 5. Let s(f) = -5*b(f) + 6*t(f). Give s(l).
1
Let w(k) = -6*k - 8. Let u(h) = h + 1. Let b(i) = -5*u(i) - w(i). Determine b(-6).
-3
Let p(g) = g**3 + 8*g**2 + 6*g - 5. Let t be p(-7). Let r = 1 + t. Suppose -2*h - 3*u + 11 = -4, -5*u = r*h - 25. Let z(m) = m**2 + 2. Calculate z(h).
2
Let c = 8 + -3. Let v(h) = h**3 - 10*h**2 + 7*h - 2. Let f(d) = d**3 - 11*d**2 + 8*d - 1. Let g(w) = 5*f(w) - 6*v(w). Calculate g(c).
-3
Let l(b) = 2*b**3 + 2*b**2 + 2. Let d(n) = -2*n**2 + 6. Let w be d(-2). Give l(w).
-6
Let o(b) = 3*b**2 + 8*b + 9. Let j(n) = 5*n**2 + 12*n + 13. Let k(u) = 5*j(u) - 8*o(u). Let v = -40 - -58. Let a = v - 13. What is k(a)?
-2
Let q(j) = -j**2 + 9*j - 2. Let o(g) = -g. Let b(f) = -6*o(f) - q(f). Let d be (-3)/6 + (-14)/(-4). Let v = d - 1. What is b(v)?
0
Let y(g) = 14*g - 3. Let o(t) = t**2 + 43*t - 9. Let d(l) = -3*o(l) + 8*y(l). Let w(j) = -j**2 - 6*j + 1. Let q(b) = -4*d(b) + 11*w(b). Give q(-3).
2
Suppose 0*a - 4*a = -8. Let z(p) = 4 + 3*p + 2*p**2 - 1 - 4*p**a + 0*p**2. Let y = 4 + -1. Give z(y).
-6
Suppose -3*i + 2*z = -18, 3*i - 2*z - 10 = 2*i. Let b be 3/((-6)/(-10))*i. Suppose -2*s + b = 2*k, 3*k + 8 - 44 = -4*s. Let x(n) = -n + 10. Give x(s).
4
Let m(s) = -3*s - 2. Suppose -2*o + 1 = 5. Let a be -1 + -1 - (-1 - 0). Let u = a + o. Calculate m(u).
7
Let d(n) = n - 1 + n + 3 - n. Let b be d(-7). Let f(j) = -j**2 + 8*j + 6. Let l(t) = 3*t**2 - 17*t - 12. Let h(w) = b*f(w) - 2*l(w). Determine h(-5).
-1
Let v be 0/(-7)*(3 + 24/(-9)). Suppose 4*j - j - 6 = 0. Let q(w) = 0*w**2 + 1 - w**3 + w**j + 1. Determine q(v).
2
Suppose -7 = 3*f + 8. Let s(j) = 2*j - j + 1 + j. What is s(f)?
-9
Let b(c) = c**2 + 7*c - 3. Suppose 4*x - 6 = a, 4*a + 22 = 3*x - 2. Determine b(a).
-9
Let n = -12 - -18. Suppose 3*i + 0 = n. Let x(w) = -w**3 - 6*w**2 + 3. Let p(k) = 3*k**3 + 13*k**2 - 7. Let y(z) = -2*p(z) - 5*x(z). What is y(i)?
7
Suppose -2*v - 25 = 3*v. Let d(u) = -u**2 + 5 + 6*u - 3*u**2 - 6 + 5*u**2. What is d(v)?
-6
Let h(s) = 3*s**2 + 4*s + 2. Let w(f) = 2 - 4 + 2*f + f**2 + 3*f. Let m be w(-6). Let n be (-4)/3 + m/(-6). Calculate h(n).
6
Let t be (2/2)/(2/(-10)). Let b(s) = 6*s**2 + 7*s - 8. Let x(i) = -5*i**2 - 6*i + 7. Let w(q) = 4*b(q) + 5*x(q). Determine w(t).
-12
Let u(c) = -2*c**3 - 5*c**2 + 4*c. Let p(v) = 5*v**3 + 10*v**2 - 8*v. Let i(x) = 3*p(x) + 7*u(x). Let j(w) = -w + 1. Let r be j(-3). Calculate i(r).
0
Let j be (-2*1)/(6/15). Let c(u) = -4 - 1 + u - 2*u + 0. Give c(j).
0
Let s(u) = u - 3. Suppose 3*l - 5*f = -8, -l + 22 + 2 = 5*f. Suppose l*y - 120 = y. Suppose -5 = q + q - 3*b, 5*q = -3*b + y. Give s(q).
2
Suppose 3*h + 2*h = 4*i - 29, 4*h + 34 = 5*i. Let c(u) = -5*u**2 + i*u**2 + 6 + 8*u - 2*u + u. What is c(-5)?
-4
Let i(k) = -5*k**2 + 12 - 3*k**2 + 14*k - 16*k + k**3. What is i(8)?
-4
Let w(a) = a**2 + 5*a + 4. Let c(s) = -s**2 + 5*s + 10. Let m be c(7). Determine w(m).
0
Let o(x) be the second derivative of x**4/12 - 2*x**3/3 + 3*x**2/2 + 18*x. Give o(2).
-1
Let l = -19 + 20. Suppose -2*j - 2*j + 2*m = -2, -2*m = -5*j + 4. Let r(t) = -7*t**2 - t**2 + 3*t**j - 1. Determine r(l).
-6
Let u(w) = -w + 9. Let r be u(7). Let g(t) = -7 - 3*t - 2*t**r - 3*t + 2*t + 4. Determine g(-3).
-9
Suppose i + 5*a = 4*i - 8, -a = -5*i + 28. Let m = i + -10. Let l(t) = -t - 4. Calculate l(m).
0
Let s = 9 - 16. Let y(n) = n**2 + 8*n + 5. Give y(s).
-2
Let l(z) = -z**3 + 3*z**2 - 2*z + 1. Let a(g) = g**2 + 4*g - 10. Let f be a(-6). Determine l(f).
1
Let s be (1 + -2)*(-10 - -9). Let x(f) = 0 + s - f**2 + 7*f - 4 - 6. Give x(6).
-3
Let s(b) = b**2 - b - 1. Let c(n) = n**3 + 9*n**2 + 6. Let i(m) = -c(m) + 3*s(m). Calculate i(-6).
9
Let w(x) = -7*x + 4 - 9*x**2 + 82*x**3 - 164*x**3 + 81*x**3. What is w(-8)?
-4
Let r be (4/(-6))/(6/(-27)). Let f be (1 - -2)/((-3)/(-2)). Let n(u) = u**r + 2*u**3 - 2 - f*u**3. Calculate n(0).
-2
Let j(v) = -v**2 + 7*v - 1. Let k be (5 - 4/2) + 2. Give j(k).
9
Let g be 0*(10/(-4))/(-5). Let x be 0 - 2 - (g - -3). Let n(q) = -q**2 - 3*q + 2 + 0*q - q. Determine n(x).
-3
Suppose -5*j + 2*j = 2*a, 2*j - 16 = -4*a. Let c(k) be the third derivative of 0*k + 1/4*k**4 + 1/3*k**3 + 1/12*k**5 - 1/120*k**6 - 5*k**2 + 0. Determine c(a).
2
Let a(b) = -2*b - 2*b**2 - 5*b + 3*b. Let d = 4 + -4. Suppose 15 = -5*t - d. Calculate a(t).
-6
Let v(t) be the second derivative of -t**3/6 - 7*t**2/2 - 2*t. Let u be v(-5). Let n(m) = -m**2 - m. Determine n(u).
-2
Suppose -1 = -3*k + 2. Let a(h) = -3*h + 3*h - h**3 + k. Let m = -5 - -5. What is a(m)?
1
Suppose 19*y + 19 + 38 = 0. Let s(w) = -2*w - 2. Give s(y).
4
Suppose -8 = -2*x - 4*c, -8 + 2 = -4*x + 2*c. Let f(h) = h**3 + 2 + h**2 - h - 1 - 2*h**x - 2. What is f(0)?
-1
Let c(i) = -15*i - 10*i + 26*i. Calculate c(1).
1
Let r(u) = u**3 - u + 3 + 4 - 5*u + 2 + 7*u**2. Give r(-8).
-7
Let m(c) be the second derivative of -c**3/6 - 5*c**2 + 6*c + 2. What is m(-9)?
-1
Let v(o) be the second derivative of o**3/3 + o**2/2 + 99*o. Suppose 0 = -3*p + 2*p - 3. What is v(p)?
-5
Suppose 3*j - j = -3*i, j = -5*i. Let a = i + 3. Let m(y) = 3*y - y**2 - 3*y + 1 + 5*y**a. What is m(1)?
5
Let u(z) = -z**2 - 4*z + 1. Let x be 8/6 - 95/15. What is u(x)?
-4
Let u(z) = -10*z + 17*z + 2 - 6*z + 3. Suppose -3*g + 6*g - 2*j + 21 = 0, -20 = g - 5*j. What is u(g)?
0
Let m = -2 - -4. Suppose m*t = 9 - 1. Let k(i) = 9 - 3 - 3*i**2 + 4*i**2 - 7*i. What is k(t)?
-6
Let j(l) be the first derivative of 0*l**2 + 1/360*l**6 + 3 + 0*l - 1/6*l**4 + 1/120*l**5 + 2/3*l**3. Let a(v) be the third derivative of j(v). What is a(0)?
-4
Let g(f) = f**2 - f**3 - f + 3 - 6 + 3. Calculate g(1).
-1
Let w be (-1 + 2)*2 - 3. Let q(i) = -15*i**3. Determine q(w).
15
Let h = -3 - 0. Let q = h - -5. Let y be (6/(-12))/(q/4). Let g(z) = 4*z. Give g(y).
-4
Let s(b) = 5*b**2 - 1. Let m(n) = -n**3 + 3*n**2 - 3*n + 3. Let t be m(2). Give s(t).
4
Let s(m) = m**3 + 7*m**2 + m - 1. Suppose 19*y = 8*y - 77. Determine s(y).
-8
Let s(r) be the first derivative of -r**2/2 - 4*r - 1. Give s(-4).
0
Let b(z) = 5*z**3 - 2*z**2 - 5*z**3 - z**3 - 2 - 2*z. Suppose -5*h + 15 = 4*w, -2*w - 2*h = -w - 3. Let q be 0/1 + (w - 7). Determine b(q).
2
Let s(w) be the third derivative of w**6/60 + w**4/24 - w**3/2 + 3*w**2. Let n(a) be the first derivative of s(a). What is n(-1)?
7
Let u(j) = -2*j**3 + j**2 + 33*j - 17*j + 3 - 19*j. Determine u(2).
-15
Let b(z) = 2*z + 6. Let w(u) = u**2 + 5*u - 6. Let v be w(-7). Suppose 3*p = p - v. What is b(p)?
-2
Suppose j - 9 = g + 6*j, -4 = 4*g + 4*j. Let t(i) = -i**2 + i + 1. Let z(a) = a**2 - a. Let u(v) = g*t(v) + 2*z(v). Determine u(2).
3
Let w = -33 + 57. Let y = -14 + w. Let s(a) = -31*a - y + 4 + 30*a. What is s(-3)?
-3
Let n be -3*1*(-3 + 2). Let l(o) = -3*o + 2*o**2 + 0 + 2 + 8*o - n*o**2. Let v be l(6). Let a(s) = -s*